92
Let g(x) = -x**3 - 108*x**2 - 2*x - 25. Calculate g(0).
-25
Let x(p) = -p**2 + 98*p + 203864. Give x(-405).
149
Let c(s) = -4738*s - 251126. What is c(-53)?
-12
Let h(k) = -2*k**2 - 7621*k - 219246. Give h(-29).
81
Let v(y) = -y**2 - 691*y - 5464. What is v(-683)?
0
Let k(q) = -2103*q**2 - 6345*q - 57. Determine k(-3).
51
Let m(r) = r**2 - 290*r + 20809. Determine m(165).
184
Let x(v) = 1488*v + 216791. Determine x(-146).
-457
Let m(n) = 106*n + 205. Determine m(-11).
-961
Let h(k) = -4*k**3 - 3428*k**2 - 3480*k - 47935. What is h(-856)?
1
Let w(v) = 29*v**2 - 12*v - 16435. Determine w(24).
-19
Let o(m) = m**3 - 236*m**2 + 3615*m - 408346. Determine o(228).
2
Let w(q) = 44*q**2 - 93*q - 1510. Calculate w(-6).
632
Let j(t) = 31*t**3 - 214*t**2 - 11*t + 40. Determine j(7).
110
Let g(v) = -484671*v + 102. What is g(0)?
102
Let m(n) = -4*n**3 + 410*n**2 - 256*n + 5411. Give m(102).
107
Let s(u) = u**3 - 39*u**2 + 2740. Calculate s(37).
2
Let p(j) = -j**3 + 118*j**2 - 25*j + 1651. Give p(118).
-1299
Let h(v) = 21*v**2 - 25*v - 118. Calculate h(-4).
318
Let w(y) = -1251*y - 83871. Calculate w(-67).
-54
Let y(d) = 3*d**3 + 35*d**2 + 1077*d + 11997. Calculate y(-11).
392
Let m(r) = -r**3 + 213*r**2 + 7035*r + 471. Determine m(-29).
-22
Let c(m) = 1387*m**3 - 5548*m**2 + 46*m - 175. Determine c(4).
9
Let m(b) = -629171*b + 2516675. Calculate m(4).
-9
Let r(c) = c**3 + 155*c**2 - 322*c - 1128. Calculate r(-157).
128
Let q(j) = -100*j + 11368. What is q(119)?
-532
Let z(t) = 5*t**3 + 323*t**2 + 76*t + 13201. Determine z(-65).
-189
Let f(o) = -13504*o - 1255874. Determine f(-93).
-2
Let k(o) = -179*o - 72859. What is k(-407)?
-6
Let x(q) = -5*q**2 - 312*q - 110. What is x(-65)?
-955
Let y(c) = -143*c + 7686. What is y(54)?
-36
Let x(m) = 4*m**2 - 1124*m - 1383. Calculate x(282).
-255
Let x(f) = f**3 + 65*f**2 + 20*f - 2830. Determine x(-64).
-14
Let s(p) = -44*p**2 - 170*p + 39. Calculate s(2).
-477
Let u(t) = 2*t**3 - 34*t**2 - 187*t + 173. What is u(-5)?
8
Let r(d) = 4457*d - 26957. Give r(6).
-215
Let z(m) = 478075*m - 2868455. Calculate z(6).
-5
Let i(z) = -339736*z - 2038392. Calculate i(-6).
24
Let p(a) = -41735*a - 208621. Calculate p(-5).
54
Let h(x) = 5*x**2 - 760*x + 11505. What is h(135)?
30
Let i(p) = -p**2 + 185*p + 10119. Calculate i(-43).
315
Let n(c) = -10*c**3 + 2*c**2 - 60*c - 487. What is n(-6)?
2105
Let u(s) = 195*s**2 - 5286*s + 482. What is u(27)?
-85
Let q(z) = -326*z**2 - 6871*z. What is q(-21)?
525
Let y(w) = -177*w - 1893. Determine y(-11).
54
Let q(r) = 2*r**2 - 19696*r + 177246. Calculate q(9).
144
Let p(i) = -5*i**3 - 376*i**2 + 723*i + 2293. Determine p(-77).
-17
Let w(x) = -x**3 - 13*x**2 + 66*x + 834. Give w(-13).
-24
Let f(u) = -2*u**3 + 22*u**2 - 8*u - 67. Determine f(10).
53
Let z(j) = 2*j**3 - 7*j**2 - 49*j - 105. What is z(-2)?
-51
Let q(o) = 15*o**3 + 3*o**2 + 217*o - 12. What is q(-5)?
-2897
Let c(t) = -t**3 + 137*t**2 + 3694*t - 646. Calculate c(160).
1594
Let m(n) = -16*n**2 + 2439*n - 15092. Determine m(146).
-54
Let r(u) = 10*u**2 - 1676*u + 995. Determine r(167).
-7
Let d(o) = 56560*o - 56553. Give d(1).
7
Let x(s) = 2*s**3 + 716*s**2 - 669*s + 14671. What is x(-359)?
-2920
Let m(d) = -d**3 - 270*d**2 + 1653*d - 865. Give m(-276).
-37
Let s(u) = -53*u**2 + 30606*u - 14397. Calculate s(577).
28
Let p(r) = -r**2 + 54298*r - 7257986. Calculate p(134).
-10
Let j(v) = 55*v - 1514. Calculate j(26).
-84
Let x(o) = 13*o**3 - 651*o**2 + 57*o - 436. Determine x(50).
-86
Let i(h) = -222*h**2 - 363*h - 364. Determine i(-1).
-223
Let w(d) = -6*d**3 - 437*d**2 - 667*d - 54015. Determine w(-73).
5
Let n(v) = -12*v**2 - 1007*v - 20919. What is n(-46)?
11
Let n(d) = 526*d - 6979. What is n(14)?
385
Let r(f) = 3710*f - 14995. Determine r(4).
-155
Let p(k) = -3385*k + 23725. Calculate p(7).
30
Let r(v) = 8580*v - 480488. Determine r(56).
-8
Let t(h) = 265*h + 41607. Give t(-156).
267
Let i(n) = 1776*n - 10208. What is i(6)?
448
Let z(c) = 5*c**3 - 1495*c**2 + 439*c - 131358. What is z(299)?
-97
Let m(f) = -3360*f + 87364. Give m(26).
4
Let j(k) = 35*k**2 - 2706*k + 17197. What is j(7)?
-30
Let a(s) = 3*s**2 - 40922*s + 286333. Give a(7).
26
Let k(g) = -102*g**3 - 290*g**2 + 289*g - 1. Give k(1).
-104
Let f(c) = -474*c - 59465. Give f(-126).
259
Let p(j) = -2*j**3 + 100*j**2 - 461*j + 333. Calculate p(4).
-39
Let g(s) = -294*s - 11408. Determine g(-40).
352
Let p(x) = 8*x**3 + 801*x**2 + 88*x - 139. What is p(-100)?
1061
Let g(c) = -c**3 - 6*c**2 + 107*c + 859. What is g(-7)?
159
Let w(f) = 6*f**3 - 67*f**2 - 16280*f - 1064. Calculate w(58).
-20
Let g(i) = 495*i + 1156. What is g(-8)?
-2804
Let z(o) = -2866*o - 14336. Give z(-5).
-6
Let j(w) = 4*w**2 - 29201*w + 87561. Give j(3).
-6
Let j(a) = 25*a**2 + 335*a + 882. What is j(-10)?
32
Let u(p) = 119*p**2 - 60937*p + 65404. What is u(511)?
-4
Let i(m) = 155*m - 16201. What is i(118)?
2089
Let n(t) = -t**3 + 46*t**2 + 562*t - 46. Determine n(56).
66
Let p(m) = -486*m + 32089. Determine p(66).
13
Let p(a) = 3*a**3 + 22*a**2 + 14*a - 16. Determine p(-4).
88
Let z(c) = -2000*c + 6396. Determine z(3).
396
Let l(z) = 103*z + 14181. What is l(-138)?
-33
Let j(m) = m**2 - 167*m + 4666. Determine j(141).
1000
Let m(b) = -b**3 + 23*b**2 - 49*b - 726. What is m(9)?
-33
Let b(o) = o**3 - 51*o**2 + 296*o + 6687. Determine b(39).
-21
Let w(i) = 240*i**2 - 3113*i - 60. What is w(13)?
31
Let x(z) = 41656*z - 41648. Calculate x(1).
8
Let o(c) = c**2 - 183*c + 2419. What is o(12)?
367
Let d(u) = 59*u**3 - 879*u**2 - 86*u - 46. Give d(15).
14
Let z(n) = -1305*n + 506. Determine z(1).
-799
Let h(w) = 2*w**2 - 182*w + 1426. What is h(72)?
-1310
Let r(s) = 536*s + 4126. Calculate r(-10).
-1234
Let a(g) = -g**3 + 3*g**2 + 210*g + 37. What is a(15)?
487
Let r(a) = a**3 + 6*a**2 - 17*a - 56. Calculate r(-6).
46
Let a(r) = -5*r**3 + 50*r**2 - 235*r + 10. Give a(3).
-380
Let w(s) = 2*s**3 - 115*s**2 - 32*s - 1248. Determine w(58).
260
Let h(x) = x**2 + 1547*x - 180485. Calculate h(109).
19
Let p(v) = 34*v - 1685. What is p(53)?
117
Let g(r) = -2417*r - 16399. Determine g(-7).
520
Let q(l) = -397706*l + 2783937. Calculate q(7).
-5
Let l(x) = -26229*x - 1075390. Calculate l(-41).
-1
Let t(i) = 25772*i - 515441. Determine t(20).
-1
Let q(y) = -2756*y - 88646. What is q(-32)?
-454
Let p(y) = 2670*y - 131075. What is p(49)?
-245
Let n(x) = -x**2 + 10071*x - 130764. Give n(13).
-10
Let z(p) = 30*p**2 + 1574*p + 6296. Give z(-4).
480
Let u(q) = -229*q - 54800. Give u(-239).
-69
Let u(l) = -l**2 + 113883*l + 44795794. What is u(-392)?
-6
Let t(f) = f**2 - 44*f - 38. Calculate t(27).
-497
Let i(w) = -2*w**3 - 609*w**2 + 896*w + 364788. Calculate i(-304).
-12
Let t(k) = -8401*k - 537470. What is t(-64)?
194
Let x(v) = 57*v**3 + 89*v**2 - 4*v + 5. Determine x(-2).
-87
Let r(t) = 3*t**2 + 107*t + 35. Give r(13).
1933
Let q(l) = 2*l**3 - 10*l**2 - 404*l + 28. Calculate q(-12).
-20
Let n(o) = -701*o**3 + 1422*o**2 + 7*o - 6. What is n(2)?
88
Let w(z) = 3*z**3 + 40*z**2 - 2105*z + 75. Calculate w(-34).
-27
Let y(r) = -7316*r + 321905. Determine y(44).
1
Let g(w) = -3*w**3 - 752*w**2 + 37303*w + 26950. Give g(-293).
-6
Let c(m) = -476*m + 93435. Calculate c(195).
615
Let q(m) = -15394*m - 61145. Determine q(-4).
431
Let r(y) = 4*y**2 + 66*y - 2492. Calculate r(18).
-8
Let o(f) = -3*f**3 + 101*f**2 + 902*f - 29532. What is o(34)?
-20
Let x(m) = -m**2 + 1792*m + 39904. What is x(-22)?
-4
Let a(k) = 8243*k + 4014345. Give a(-487).
4
Let n(k) = 2*k**2 + 47*k - 606. What is n(-37)?
393
Let l(t) = -t**3 + 102*t**2 - 2640*t + 15120. Determine l(29).
-47
Let x(w) = -38298*w + 114417. Determine x(3).
-477
Let v(w) = -w**2 - 307*w + 19914. Give v(55).
4
Let p(a) = -94453*a + 55916175. Give p(592).
-1
Let p(l) = -l**3 + 84*l**2 - 1800*l + 46. Give p(43).
-1545
Let p(b) = 55061*b + 991172. Give p(-18).
74
Let j(f) = 12*f**3 + 217*f**2 + 233*f + 193. Give j(-17).
-11
Let d(w) = 47*w + 3579. Calculate d(-97).
-980
Let o(p) = 48*p + 702. What is o(2)?
798
Let x(c) = -301755*c + 905261. Determine x(3).
-4
Let g(y) = 2*y**2 + 190*y - 10049. Give g(38).
59
Let t(s) = s**3 + 225*s**2 - 1569*s + 2. What is t(7)?
387
Let u(f) = -5223*f + 323453. Determine u(62).
-373
Let d(l) = 5360*l + 219180. Give d(-41).
-580
Let f(o) = -214*o**2 - 19